.
212
Calculate the remainder when 111217 is divided by 27403.
1605
What is the remainder when 960978 is divided by 240237?
30
Calculate the remainder when 32404906 is divided by 7489.
3
Calculate the remainder when 4688268 is divided by 2967.
408
Calculate the remainder when 5899408 is divided by 87.
25
What is the remainder when 2976405 is divided by 3670?
35
What is the remainder when 647942 is divided by 44?
42
Calculate the remainder when 11649324 is divided by 82037.
70
What is the remainder when 4465167 is divided by 715?
707
What is the remainder when 15547768 is divided by 1295?
1293
What is the remainder when 10912094 is divided by 109?
104
What is the remainder when 198994 is divided by 66297?
103
Calculate the remainder when 2736832 is divided by 38.
34
What is the remainder when 62014845 is divided by 12?
9
Calculate the remainder when 433338525 is divided by 314.
313
Calculate the remainder when 47560269 is divided by 43.
33
What is the remainder when 547470 is divided by 34214?
46
What is the remainder when 62076825 is divided by 552?
9
Calculate the remainder when 29337 is divided by 3275.
3137
Calculate the remainder when 5100 is divided by 1680.
60
What is the remainder when 1027741 is divided by 513869?
3
What is the remainder when 7140064 is divided by 394?
390
What is the remainder when 461646 is divided by 246?
150
What is the remainder when 1852795 is divided by 370492?
335
What is the remainder when 1342369 is divided by 212?
197
What is the remainder when 777735841 is divided by 445?
441
Calculate the remainder when 18658632 is divided by 54.
12
What is the remainder when 227008 is divided by 75572?
292
What is the remainder when 8851796 is divided by 25?
21
Calculate the remainder when 12160 is divided by 5624.
912
Calculate the remainder when 8296282 is divided by 249.
100
Calculate the remainder when 6913138 is divided by 1728283.
6
Calculate the remainder when 1735389 is divided by 216915.
69
Calculate the remainder when 2046313 is divided by 1981.
1921
What is the remainder when 719276919 is divided by 913?
911
Calculate the remainder when 97773 is divided by 13946.
151
What is the remainder when 201386 is divided by 67071?
173
Calculate the remainder when 6094284 is divided by 16836.
16488
What is the remainder when 1019566 is divided by 203911?
11
Calculate the remainder when 2724048 is divided by 227.
48
Calculate the remainder when 1802687 is divided by 258.
41
Calculate the remainder when 13217234 is divided by 508355.
4
Calculate the remainder when 234828 is divided by 46934.
158
Calculate the remainder when 3238329 is divided by 647607.
294
Calculate the remainder when 56663 is divided by 5645.
213
What is the remainder when 245418 is divided by 122515?
388
Calculate the remainder when 530600 is divided by 6981.
44
Calculate the remainder when 1405237 is divided by 8674.
49
What is the remainder when 171657230 is divided by 73?
66
What is the remainder when 31431752 is divided by 15715871?
10
Calculate the remainder when 103929707 is divided by 220190.
27
Calculate the remainder when 8123290 is divided by 184620.
10
Calculate the remainder when 8489833 is divided by 2814.
2809
What is the remainder when 20207108 is divided by 1127?
1125
Calculate the remainder when 7311295 is divided by 562405.
30
Calculate the remainder when 2060545 is divided by 965.
270
What is the remainder when 4949060 is divided by 64?
4
Calculate the remainder when 118622 is divided by 5391.
20
What is the remainder when 35652 is divided by 35575?
77
Calculate the remainder when 860602 is divided by 213324.
7306
What is the remainder when 14352 is divided by 1339?
962
Calculate the remainder when 182032 is divided by 90999.
34
What is the remainder when 7022012 is divided by 1403?
1400
Calculate the remainder when 78333196 is divided by 220.
216
What is the remainder when 2388088 is divided by 138?
136
What is the remainder when 220608 is divided by 317?
293
What is the remainder when 5180945 is divided by 1726980?
5
Calculate the remainder when 6322616 is divided by 790322.
40
What is the remainder when 192365 is divided by 399?
47
What is the remainder when 41617 is divided by 19417?
2783
What is the remainder when 6207 is divided by 2432?
1343
Calculate the remainder when 750424 is divided by 30.
4
What is the remainder when 23939082 is divided by 999?
45
What is the remainder when 34575613 is divided by 79?
78
Calculate the remainder when 540799 is divided by 13189.
50
Calculate the remainder when 2054743 is divided by 82188.
43
Calculate the remainder when 84821939 is divided by 1347.
2
What is the remainder when 201761675 is divided by 4117585?
10
Calculate the remainder when 36653 is divided by 7175.
778
What is the remainder when 7118427 is divided by 1703?
1590
What is the remainder when 1166041 is divided by 106002?
19
Calculate the remainder when 261554 is divided by 261222.
332
What is the remainder when 3638259 is divided by 917?
520
What is the remainder when 1444003 is divided by 105?
43
What is the remainder when 1415937 is divided by 707861?
215
What is the remainder when 1815577 is divided by 604570?
1867
What is the remainder when 425508 is divided by 61?
33
Calculate the remainder when 7511875 is divided by 43.
33
What is the remainder when 536937 is divided by 107386?
7
What is the remainder when 993311 is divided by 90295?
66
Calculate the remainder when 5021915 is divided by 144.
59
Calculate the remainder when 368716316 is divided by 14.
10
What is the remainder when 52152 is divided by 2681?
1213
What is the remainder when 204070 is divided by 2552?
2462
Calculate the remainder when 350313 is divided by 2123.
18
Calculate the remainder when 656201 is divided by 10013.
5356
What is the remainder when 10647 is divided by 3976?
2695
What is the remainder when 3014232 is divided by 55817?
114
What is the remainder when 184569 is divided by 60681?
2526
Calculate the remainder when 8271477 is divided by 920.
677
What is the remainder when 19630 is divided by 1665?
1315
Calculate the remainder when 57546 is divided by 62.
10
What is the remainder when 128308768 is divided by 1487?
1486
What is the remainder when 12165360 is divided by 868954?
4
What is the remainder when 530576 is divided by 88340?
536
What is the remainder when 35657109 is divided by 11885703?
0
Calculate the remainder when 1634662 is divided by 7783.
232
Calculate the remainder when 290346 is divided by 4088.
98
Calculate the remainder when 832868 is divided by 1061.
1044
What is the remainder when 1071640 is divided by 356805?
1225
What is the remainder when 418753 is divided by 4337?
2401
What is the remainder when 269001289 is divided by 15560?
9
What is the remainder when 247387603 is divided by 3026?
3025
What is the remainder when 45259 is divided by 873?
736
Calculate the remainder when 183618 is divided by 22934.
146
What is the remainder when 14174 is divided by 3266?
1110
Calculate the remainder when 32279751 is divided by 1966.
1963
What is the remainder when 55930 is divided by 27903?
124
Calculate the remainder when 2315449 is divided by 40.
9
Calculate the remainder when 25538 is divided by 25515.
23
Calculate the remainder when 1998869 is divided by 8764.
677
What is the remainder when 839481 is divided by 7498?
7203
What is the remainder when 220544 is divided by 1885?
1884
Calculate the remainder when 112125 is divided by 36853.
1566
Calculate the remainder when 9900805 is divided by 1700.
5
What is the remainder when 139282324 is divided by 7298?
7292
What is the remainder when 3709973 is divided by 741815?
898
What is the remainder when 35821348 is divided by 2083?
2080
What is the remainder when 3608318 is divided by 902067?
50
What is the remainder when 6035895 is divided by 74?
11
What is the remainder when 231169 is divided by 2386?
2113
Calculate the remainder when 10608814 is divided by 589375.
64
What is the remainder when 3872365 is divided by 1936181?
3
What is the remainder when 145714574 is divided by 112?
110
Calculate the remainder when 470024 is divided by 76.
40
What is the remainder when 15406636 is divided by 10340?
36
Calculate the remainder when 1302708 is divided by 276.
264
Calculate the remainder when 